).
7
Let g(h) be the first derivative of 90 - 1/2*h**2 + 14*h. What is g(8)?
6
Let q(y) = -y**3 - 2*y**2 - 7*y - 1. Suppose -99*g = -102*g + 2*z - 18, 34 = -2*g + 5*z. Calculate q(g).
13
Let n be (-6)/4*(-8 - 994/(-126)). Let p(t) be the second derivative of -2*t**2 - n*t**3 + 0 + 2*t. What is p(3)?
-7
Suppose 5*a = -4*r + 9 + 64, 29 = 3*a - 5*r. Suppose -35 = -a*t + 18*t. Let f = t + -3. Let u(q) = -q**2 - 9*q + 5. What is u(f)?
-5
Let r(s) = 5*s**2 - 3*s + 2. Let b be r(2). Suppose -10*i + 14*i + b = 0. Let g(f) = -f - 5*f**2 - f**3 - 2 - 1 - 3*f. Determine g(i).
-3
Let v(h) = 3*h**3 + 26681*h**2 - 7*h - 53365*h**2 + 26690*h**2 + 1. Determine v(-3).
-5
Let n(l) = -546*l - 3010. Let a(r) = 49*r + 272. Let x(h) = 56*a(h) + 5*n(h). Determine x(-13).
0
Let i(f) = -4*f - 1. Let r(b) = -b**2 + 9*b + 24. Let u be r(11). Suppose 4*z = 2*p - 4, 2*p - 3 + u = 3*z. Give i(z).
11
Let c(r) = r. Let x(q) = -q**2 - 3*q + 1. Suppose 0 = -2*l - 10, 3*l + 30 = 4*f + 3. Let h(n) = f*c(n) - x(n). Suppose -22*k = -19*k + 12. Give h(k).
-9
Let d(x) be the first derivative of -x**4/4 + 10*x**3/3 + 39*x**2/2 - 17*x + 11621. Calculate d(13).
-17
Suppose -9*c - 55 + 72 = 62. Let h(s) = -s**2 - 12*s + 4. Determine h(c).
39
Let d(s) = 123*s - 499. Let g(b) = -81*b + 250. Let z(f) = -3*d(f) - 5*g(f). What is z(-7)?
-5
Let f(g) = -437 - 427 + 1300 + g - 439. Suppose 4*p + 14 = -10. Determine f(p).
-9
Let q be (3/(-2))/((-18)/12 + 1). Let t(s) = 247*s + 3 - 245*s - q*s**3 - s**3. Determine t(-2).
31
Let d = 45 + -93. Let t = 48 + d. Let p(s) = t + 0 - 119*s + 118*s. What is p(-2)?
2
Suppose 14 = -2*b - 3*u, 2*b + 2 = 2*u - 2. Let j(o) = 15*o**2 + 27*o - 25. Let y be j(1). Let x(i) = 18*i + y*i + 6 - 30*i. What is x(b)?
-14
Let t(a) = 2*a**2 + 10*a + 1. Suppose -16*o + 4*o - 13 = 11. Give t(o).
-11
Let z(f) = -1 + 6*f + 0 + 0 - f**2. Suppose 184*x = -122*x + 1836. Determine z(x).
-1
Let s(y) be the first derivative of -3*y**2 - y + 10. Let a = 360 + -364. What is s(a)?
23
Let f be ((-4)/(-6))/((-2)/(-6)). Let z(a) be the second derivative of 0 + 1/12*a**4 + 27*a - 1/3*a**3 + 0*a**2. Calculate z(f).
0
Suppose -g + 4*g - 5*r - 307 = 0, -g + 106 = 2*r. Suppose 3*z = 11*z + g. Let d(x) = x**2 + 15*x + 19. Calculate d(z).
-7
Let r(a) = 4*a**2 + 15*a - 7. Let z(x) = 8 - 90*x**2 + 85*x**2 - 29*x + 13*x. Let n(m) = 6*r(m) + 5*z(m). Give n(9).
7
Let w(j) be the second derivative of j**4/6 + 2*j**3/3 - 3*j**2/2 + 4*j. Let x = 4819 - 4823. Give w(x).
13
Let y(g) = 6*g + 10 - 10*g - 27 - 2*g - 3*g. Calculate y(9).
-98
Let y(o) = -7*o - 46. Suppose -5*b = 3*i + 26, 90 = -4*b + 3*i + 53. Give y(b).
3
Suppose -153*g - 53*g = 35*g - 8676. Let b(m) = m**2 - 34*m - 76. Calculate b(g).
-4
Let h be 6 + (-135)/315*-14. Let i(r) be the second derivative of r**4/12 - 13*r**3/6 + r**2/2 - r. What is i(h)?
-11
Suppose -5*l - 5*k = 65, 87*l - 4*k = 86*l + 22. Let h(o) = 32*o + 7. Calculate h(l).
-185
Let l(c) be the first derivative of c**3/3 + 3*c**2 - 17*c + 97. Suppose -10 = 2*a, 3*a + 15 = -4*k - 32. Determine l(k).
-1
Let g(n) = -3*n + 1. Let a be (88/(-55))/(2/(-10)). Suppose 0*d = d + 2*l - 9, -3*l + a = -4*d. Give g(d).
-2
Let m(i) be the third derivative of -i**6/15 + i**5/60 - i**4/12 - 2484*i**2. Give m(2).
-64
Let g(m) = -23 - 2*m - 28 + 88 - 26 - 25. Give g(5).
-24
Suppose -3*g + 88 + 332 = 0. Suppose -6*l + g = 8*l. Let n = l + -5. Let f(w) = w**3 - 6*w**2 + 4*w + 3. What is f(n)?
-2
Let o(q) = -q - 13. Let r(y) = -y - 13. Let n(w) = 4*o(w) - 5*r(w). Let d be n(-7). Let j(t) = 3 + 71*t - 155*t + 75*t + 6*t - 6*t**2 + t**3. Determine j(d).
-15
Let f(s) = -4*s**2 + s - 1. Let c be (-4)/(-14) - (-1880)/35. Let g(b) = b - 9*b**2 + c - 31 - 25. Let n(x) = -5*f(x) + 2*g(x). Determine n(2).
3
Let n(t) = -20*t**3 - 2*t**2 + 26*t - 5. Let u(q) = -7*q**3 - q**2 + 9*q - 2. Let h(d) = -6*n(d) + 17*u(d). Suppose 556 = 151*g + 276 - 626. What is h(g)?
14
Let z be (232 - 227)*(-24)/(-5). Let d(n) be the second derivative of 0 - z*n - 1/12*n**4 + 4/3*n**3 + 2*n**2. What is d(9)?
-5
Let f(a) be the third derivative of 17/120*a**6 + 1/6*a**3 + 107*a**2 + 1/12*a**4 + 1/60*a**5 + 0*a + 0. Let k = 6 + -7. Determine f(k).
-17
Let z(x) = 7*x**3 - x**2 + 6. Let n(u) = 15*u**3 - 2*u**2 + 13. Suppose -5*f - 5*b = -7*b + 24, 0 = 4*f - b + 21. Let a(k) = f*n(k) + 13*z(k). What is a(0)?
0
Let p(d) = 27*d - 7. Let s be (-5)/(1/(48/(-80))). Calculate p(s).
74
Suppose -1207*k + 8541 = -5078 + 2756. Let t(w) = w**2 + 13*w - 5. Let l(m) = 5*m**2 + 53*m - 20. Let n(c) = -2*l(c) + 9*t(c). What is n(k)?
13
Let i(r) = -r**2 + 13*r. Suppose 5*h + 9 = -k - 10, k - h + 37 = 0. Let l(c) = c**3 + 34*c**2 + 13. Let o be l(k). What is i(o)?
0
Let s(j) = -j - 2. Let f(a) = a + 5. Suppose 0 = -w - 3*x + 11 - 6, -5*x + 10 = 0. Let n be f(w). Calculate s(n).
-6
Let u(b) = -3*b**3 - 2*b**2 + 5*b. Let q(l) = 2*l**3 - l**2 - 2*l + 1. Let m(g) = -q(g) - u(g). Let y = -8 + 5. Give m(y).
8
Let b(q) = -q**2 + 3*q - 5. Let r = 8 - 16. Let f(p) = p**3 + 8*p**2 + 2*p + 18. Let u be f(r). Let m be b(u). Let s(g) = g - 4. Give s(m).
-7
Let p(g) = -24 - 18*g + 50*g**2 - 24*g**2 - 17*g - 27*g**2 + 9*g. Determine p(-25).
1
Suppose 1267 = -5*s - 4*c, -11*s + 14*s - 3*c + 771 = 0. Let j = 242 + s. Let x(k) = -k**2 - 15*k - 17. Determine x(j).
9
Let k(g) be the first derivative of -g**2/2 - g - 2. Let f be 2 - 10/7 - 7025/1967. Give k(f).
2
Let g(n) be the third derivative of -n**5/60 + n**4/4 + 5*n**3/6 - 2*n**2 - 1243. Give g(5).
10
Let x(f) be the second derivative of -f**5/20 - f**4/2 + 2*f**3/3 - f**2 - 169*f + 191. Suppose 18 = -4*s + y + y, -4*y - 34 = 2*s. Calculate x(s).
19
Let a = 163 - 155. Let m(g) be the third derivative of -g**6/120 + 3*g**5/20 - 5*g**4/12 + 5*g**3/3 + 52*g**2. Determine m(a).
-6
Let w(x) = -418223*x + 2 - 2 + 418222*x. Let u(d) = 7*d**3 + 3*d**2 - 2*d. Let k be u(1). Give w(k).
-8
Let m(w) be the first derivative of w**2/2 - 4*w + 2768. Determine m(-11).
-15
Let h(t) = t**3 - 5*t**2 + 3*t - 7. Let r = -6 + 24. Suppose d + 2*d - r = -4*b, 5*b - 5 = 5*d. Suppose 3*f + d*f - 25 = 0. What is h(f)?
8
Let h(g) = -10*g + 234 + 26*g + 53 + 41*g - 9*g. Give h(-6).
-1
Let o(s) be the first derivative of -89*s**2/2 - 7*s + 14501. Give o(-1).
82
Let h(v) = -8*v**3 + 9*v**2 + 16*v - 11. Let m(r) = -3*r**3 - r**2 + 2*r - 3. Let g(w) = h(w) - 3*m(w). Calculate g(-11).
9
Suppose 5*s - 2*n - 379 + 388 = 0, -s - 45 = 5*n. Let t(h) be the third derivative of -h**6/120 - h**5/15 + h**4/3 + 5*h**3/6 - 2*h**2. Calculate t(s).
-10
Let u(v) = v - 5. Let j be (1 - -26) + (-18)/6. Let n be (1260/32)/5 - (-3)/j. Determine u(n).
3
Suppose 8*r = 4*r + 12. Let y(j) = 0*j - 2*j - j**2 + 6*j**r - 3*j**2 - 7*j**3. Determine y(-3).
-3
Let p(x) be the second derivative of -x**5/60 - 7*x**4/24 + 32*x**3/3 + 92*x. Let d(v) be the second derivative of p(v). Calculate d(-3).
-1
Let u(s) = 21*s**3 + 36*s**2 - 128*s - 8. Let r(q) = -3*q**3 - 5*q**2 + 18*q + 1. Let y(p) = 43*r(p) + 6*u(p). Give y(2).
-13
Let i be 0 - 0 - 39*8/24. Let s(u) = u**3 + 12*u**2 - 10*u - 12. Calculate s(i).
-51
Suppose 25 = 3*z + 5*n, 0 = z + 4*n - 6 - 7. Suppose l = -z + 2. Let x(m) = m**3 + 2*m**2 - m - 3. Determine x(l).
-9
Let u(w) = 7*w + 99*w**2 - 24*w**2 + w**3 + 3 - 36*w**2 - 32*w**2. Calculate u(-6).
-3
Let w = 1727 + -1748. Let p(a) = -a**3 - 19*a**2 + 43*a + 19. Calculate p(w).
-2
Let o(z) = -6*z + 207. Suppose -5*j + 202 = 6*k, -3*k + j - 38 + 132 = 0. Determine o(k).
15
Let v(g) = -8*g - 4. Let q = -387 + 523. Suppose 135 = m + q. Determine v(m).
4
Let l = 43 + -46. Let t = -55 - l. Let r = t + 53. Let v(b) = 4*b + 1. Determine v(r).
5
Let i(z) be the third derivative of 0 + 0*z**4 - z + 15*z**2 + 0*z**3 + 1/12*z**5. Determine i(-1).
5
Let t(a) = 16*a**3 - 1. Suppose 3*f + g = 2, -81*f + 3*g = -84*f. Give t(f).
15
Let r(a) = -a**3 - 29*a**2 - 27*a + 35. Suppose 82*s - 52*s = -840. Give r(s).
7
Suppose -4*r = -0*i + 5*i + 47, -2*i - 30 = -4*r. Let o(q) = 17*q**2 + 25*q - 32. Let s(b) = -10*b**2 - 13*b + 16. Let a(f) = 3*o(f) + 5*s(f). What is a(i)?
-5
Let j(f) be the third derivative of -f**6/120 - 53*f**5/60 - 17*f**4/4 + 11*f**3/6 + 1294*f**2 + 3. Determine j(-51).
11
Suppose -2*v = -12*v - 920. Let z = 95 + v. Let w(m) = 36 - 15 - z*m - 12. Calculate w(9).
-18
Let